ve b(f).
1
Let r(z) be the third derivative of z**5/60 + z**4/3 - z**3/3 - 11*z**2. Give r(-7).
-9
Let x(b) = 4*b**2 - 2*b - 2. Suppose 6*d - 10 = d. Give x(d).
10
Let d(f) = f**2 + 9. Let p be 20/3 - 2/3. Suppose 3*z - p = 2*z. Let s be (-3)/z - 1/(-2). Calculate d(s).
9
Let o(y) = -y - 1. Let d(p) = -p**2 + 7*p + 8. Let j be d(8). Calculate o(j).
-1
Let n(y) = y**3 - 2*y**2 - 2*y + 2. Let m(f) be the second derivative of f**5/20 - 2*f**4/3 - f**2 - 7*f. Let o be m(8). Give n(o).
-10
Let a(r) = 4*r - 2. Suppose 6*o + 29 - 11 = 0. Determine a(o).
-14
Let j(c) = c + 2. Let l be 6/(4/2 - 1). Suppose 6*u - 3*u = -l. Determine j(u).
0
Let v(u) = -21*u - 8. Let d(j) = 14*j + 5. Let g(r) = 8*d(r) + 5*v(r). Give g(1).
7
Let h(u) = -5*u**3 + 8*u**2 + 3*u + 2. Let j(w) = 11*w**3 - 17*w**2 - 6*w - 4. Let i(r) = -9*h(r) - 4*j(r). Calculate i(5).
8
Let o(v) = 15*v**3 - 6*v**2 + 21*v + 7. Let h(f) = 7*f**3 - 3*f**2 + 10*f + 3. Let c(a) = 13*h(a) - 6*o(a). Let k = -45 - -48. What is c(k)?
9
Let x(o) be the first derivative of o**3/3 + 3*o**2 + o + 4. Determine x(-6).
1
Let q(c) = c**3 - 4*c**2 - 1. Let s be q(4). Let a(n) = -n**2. Let f(y) = 10 - 4*y - 4 + 0 - 5. Let p(w) = s*f(w) - a(w). Determine p(-3).
-4
Let u = 3 - 1. Let s = 10 - 6. Let w = s - u. Let d(h) = -h**3 + 2*h**2 + 2*h - 1. Give d(w).
3
Let m(h) = 3*h - 5. Let p be (-2)/(-3)*12/4. Let i be 1*(0 + 2)/p. Suppose -y + 4 + i = 0. Determine m(y).
10
Let g(y) be the third derivative of 0 - 2*y**2 + 1/6*y**4 - 1/6*y**3 + 1/60*y**5 + 0*y. What is g(-5)?
4
Let y(a) = -7*a**3 - a**2 - 5*a - 15. Suppose q - 5*q + 21 = -5*t, 0 = 3*q + 3*t - 36. Let w(m) = 3*m**3 + 2*m + 7. Let s(c) = q*w(c) + 4*y(c). Give s(-3).
0
Let k(r) be the third derivative of -13*r**6/120 - r**5/60 - r**4/12 - r**3/6 + 10*r**2. Calculate k(-1).
13
Suppose -5*g + 2*g - 2*n + 8 = 0, 12 = 2*g - 2*n. Suppose 3*v = 2 + 4. Let a(o) = -v*o - o - 4 - 2*o + g*o. Calculate a(-3).
-1
Let k(l) = -l**2 - 7*l - 3. Let z be k(-6). Let d(x) = -2*x - 1. Determine d(z).
-7
Let j(r) = -2*r**2. Let q(g) = -5*g**2 - 4 + 2*g + g**2 - 1 + g**3. Let c be q(4). Suppose -2*b + 7 = -4*s + s, -5*s - 4*b = -c. Determine j(s).
-2
Suppose 0*i - 2*i + 6 = 0. Let f be (-2 - (0 - 3)) + 1. Let p(u) = 2*u - 2*u**f - 2 + u**2 + 3*u. What is p(i)?
4
Let x(a) = a - 7. Let q be x(7). Suppose -2*u - 2*v - 8 = q, 3*u + 0 - 2 = 4*v. Let i(l) = l + 3. What is i(u)?
1
Let s(c) = c**2 + 4*c. Let b be s(-5). Let i be ((-3)/2)/(b/10). Let k(t) = t**2 + 4*t + 4. Give k(i).
1
Let h(f) = -f**2 + 3*f - 5. Suppose 20 = -0*b + 4*b. Let u be h(b). Let n be (-2)/(-10) + (-12)/u. Let i(l) = -l**3 - l**2 + l. What is i(n)?
-1
Let c(g) = -g**2 + 5*g - 2. Let q = 49 - 45. Determine c(q).
2
Let i(v) be the first derivative of 2*v**2 - 2*v - 6. Give i(2).
6
Let r(a) = -a - 4. Let l be r(-9). Let m = -10 - -18. Let c(z) = 0*z - 40*z**2 - 6 + m*z + z**3 + 34*z**2. Give c(l).
9
Let h(i) = -i**3 + 4*i**2 - i - 3. Let f be h(3). Let c be 6/4*4/f. Let v(d) = 3*d + 5*d**3 + 2 - 5*d**3 - d**3 + 2*d**c. What is v(3)?
2
Let m be 1*2*10*6/24. Let j(b) = b**3 - 6*b**2 + 5*b - 4. Give j(m).
-4
Let a(g) = g - 4. Suppose 5*s + 11 = -2*m, 2*m - m = 3*s + 11. Suppose m*h - 4 - 4 = 0. Give a(h).
0
Let m(h) = -h**3 - 9*h**2 - 7*h + 8. Let d be m(-8). Let k(c) = -c**3 - c**2 - c + 1. Calculate k(d).
1
Let y be 1 + 5 + (-2 - 0). Let a(f) = -1 - y*f + 5*f + 11. Determine a(-5).
5
Let w(j) = 0 + 7*j**2 + 2 - 3*j + 3*j**3 - 1 - 4*j**3. What is w(6)?
19
Let l(w) be the second derivative of -w**6/240 + 7*w**5/120 + w**4/4 + 3*w. Let o(k) be the third derivative of l(k). Calculate o(5).
-8
Let k(r) = r**3 - 10*r**2 + 2*r - 24. Let m be k(10). Let y(u) be the first derivative of 2 + 0*u - 2/3*u**3 - 3*u**2. What is y(m)?
-8
Let t(z) = 3*z**3 - 10*z**2 + 4*z - 2*z**3 + 1 + 4*z**2. What is t(5)?
-4
Let m(r) = -r**3 - 6*r**2 - 4*r + 4. Let a(g) = g**2 - g + 1. Let h(w) = -4*a(w) + m(w). Determine h(-10).
0
Let x(f) = -3*f - 16. Let y be x(-6). Let u(c) = -c**3 + 3*c**2 - 3*c + 1. What is u(y)?
-1
Let m(n) = 2*n + 7. Let g(r) = r**2 + 8*r. Let s be g(-7). Determine m(s).
-7
Let a = 50 - 55. Let x(g) be the second derivative of 1/2*g**2 - 1/3*g**3 - g + 0. Determine x(a).
11
Let n(g) = 3*g**2 - 4*g**3 + 5*g**3 - 2 - 2*g**3. Let b be (7/(-2))/(4/(-8)). Suppose -7*k + 14 = -b. What is n(k)?
-2
Let a(z) = z**2 + z. Let c = 6 - 2. Suppose 2*k = c + 10. Let y = -6 + k. What is a(y)?
2
Let a(c) = 4*c**3 - 4*c**2 - 4*c - 15. Let t(m) = m**3 + m**2 + m - 1. Let o(h) = -a(h) + 5*t(h). What is o(-8)?
2
Suppose w + 4 = v, -v = 2*v + 5*w - 28. Suppose v*o + 12 = 3*o. Let x(n) = n**3 + 4*n**2 + n + 4. Calculate x(o).
0
Let j(z) = -11*z + 2*z**2 - 3*z**2 - 1 + 5*z. Suppose 0 = -3*i + 2 - 5. Let q = i - 3. Give j(q).
7
Let h(n) = -2*n**2 - n + 3*n - 2 - n**3 - 5*n. Let p be 7/(-28) + 14/(-8). Determine h(p).
4
Let b be 58/3 - 6/(-9). Let c be 70/b - (-1)/(-2). Suppose -1 = -4*m + c*m, -5*m - 1 = -2*w. Let p(q) = q**2 - 2*q - 1. Determine p(w).
2
Let n be (-1)/3 - 10/15. Let t = n - -8. Let i = t - 11. Let u(g) = g**3 + 3*g**2 - 6*g - 5. Calculate u(i).
3
Let n(d) = -4*d**2 + d. Let g(p) = 2*p + 2. Let i be g(-2). Let z = 3 + i. Let a = z + -2. Calculate n(a).
-5
Let g(z) = -3*z**2 - 7*z + 4. Let h(m) = 2*m**2 + 4*m - 2. Let j(q) = -3*g(q) - 5*h(q). Suppose -p + 6 = p. Suppose 0 = -7*k + p*k. What is j(k)?
-2
Suppose d = -3*d - g + 6, -4*g - 6 = d. Let j(z) = -5*z - d*z**2 - 2*z**3 + z**3 - 4*z**2. Give j(-5).
0
Suppose 0 = 5*i - 32 + 12. Suppose 3*f + 0 - 6 = 0. Let l(c) = -5 + 5 + 2*c - c**f. What is l(i)?
-8
Let n(y) be the third derivative of y**5/60 - y**4/12 - 2*y**3/3 - 2*y**2 - 4*y. Suppose 0 = 6*j - 3*j - 24. Suppose -q - q = -j. Give n(q).
4
Let k(w) = -w**3 - 2*w**2 - 1. Suppose 0 = -14*b + 11*b. Suppose -5*r - d + 5*d - 15 = b, 4*r = -2*d - 12. Determine k(r).
8
Let z(v) be the second derivative of 0*v**2 + 5/6*v**3 - v + 1/12*v**4 + 0. Let g(r) = -r - 1. Let l be g(3). Determine z(l).
-4
Let u(i) = -3*i**3 + 5 - 1 - 5*i + 0*i**3 + 5*i**2 + 2*i**3. Let q be u(4). Let r(b) = b + 7 + q*b + b. Give r(-6).
-5
Let r(z) = -16*z - 1 + 18*z + 2 - z**2. Give r(4).
-7
Let z(v) = -3*v - 4. Let f(p) = -p + 1. Let m(l) = 3*f(l) + z(l). Determine m(-2).
11
Let d(j) = 4*j**2 - 2*j - 6. Let m(w) = -w**2. Let t(n) = -d(n) - 3*m(n). Give t(5).
-9
Let o(z) = -z**3 - 7*z**2 + 7*z - 2. Let x be o(-8). Let f = -12 + x. Let t(v) = -v**2 - 4*v + 7. Calculate t(f).
-5
Suppose -i = -0*i. Suppose m + i*m = 0. Let h(g) be the third derivative of g**5/60 - g**4/24 - 5*g**3/6 + 2*g**2. What is h(m)?
-5
Let w(k) be the third derivative of -k**6/120 + k**4/12 + k**3/6 - 8*k**2. Give w(-1).
0
Let p(y) = -1 + y - y + y. Let x(s) = -s - 1. Let b(r) = 2*r + 4. Let l(c) = -b(c) - 3*x(c). Let f(q) = -4*l(q) + 3*p(q). What is f(5)?
-4
Let u(h) be the second derivative of h**3/6 - h. Calculate u(-4).
-4
Let v(t) be the third derivative of t**6/720 + t**4/24 + 2*t**2. Let d(r) be the second derivative of v(r). What is d(3)?
3
Let o be ((-5)/2)/5*0. Let g(y) = 4 + o - 1 - y - 8*y**2 - 2. Calculate g(1).
-8
Let m(r) = r**2 + 7*r + 10. Let u be (-1)/3*-3*-7. Give m(u).
10
Let h(m) = 4 + 1 + 1 + 3*m - 1 + m**2. Calculate h(-5).
15
Suppose -c - 12 = 5*c. Let n(w) = -w**3 - 2*w**2 + 2. Give n(c).
2
Suppose -31 = 4*h - 7. Let i(u) be the third derivative of u**6/120 + u**5/12 - u**4/4 + u**3/2 + 5*u**2. Calculate i(h).
3
Let x(s) = -s**2 + 7*s - 6. Let z be x(5). Let b(g) = -g**3 - g**2 + g - 1. Let w(t) = 2*t**3 + 8*t**2 - 9*t + 3. Let l(r) = -3*b(r) - w(r). What is l(z)?
8
Let q(v) be the first derivative of -v**3/3 - 3*v**2/2 + 6*v + 1. Calculate q(-5).
-4
Let d(j) be the second derivative of -j**5/20 + j**4/2 - 2*j**3/3 + j**2 - 2*j. Calculate d(5).
7
Let z(a) = -a**2 + 5*a + 9. Let q be z(7). Let k = -3 + 2. Let g(c) = -c**3 - 5*c**2 - 5*c. Let l(v) = -v**2 + v + 1. Let n(x) = k*g(x) - l(x). What is n(q)?
4
Let g = -4 - -3. Let h(i) = 7*i. Determine h(g).
-7
Let i(h) be the first derivative of -h**4/4 - 7*h**3/3 - h**2/2 - 4*h - 7. What is i(-7)?
3
Let m(v) be the second derivative of -1/20*v**5 - 2*v + 1/6*v**3 + 0 - 1/12*v**4 - 4*v**2. Suppose -2*g = -3*i - 8, 0 = 4*i + 2*g - 2 - 6. What is m(i)?
-8
Let i(t) = -7 + 919*t + 3 - 918*t. Let z be 2/(-6) + (-32)/(-6)